0.
9
111 (base 9) to base 8
133
-b3 (base 16) to base 11
-153
43 (base 12) to base 5
201
Convert 324 (base 5) to base 6.
225
-22011 (base 3) to base 10
-220
Convert -5 (base 14) to base 12.
-5
What is -30 (base 13) in base 6?
-103
What is 1010 (base 2) in base 6?
14
-101 (base 7) to base 9
-55
Convert 31 (base 9) to base 6.
44
1211 (base 3) to base 15
34
What is -20 (base 10) in base 11?
-19
What is 1102 (base 3) in base 8?
46
Convert -9e (base 16) to base 4.
-2132
What is 5 (base 14) in base 15?
5
Convert 20 (base 7) to base 4.
32
What is 28 (base 10) in base 9?
31
Convert -1d (base 15) to base 3.
-1001
What is 28 (base 15) in base 16?
26
-1 (base 8) to base 5
-1
-242 (base 5) to base 9
-80
Convert -c5 (base 15) to base 7.
-353
What is -5c (base 13) in base 16?
-4d
-24 (base 13) to base 16
-1e
What is 0 (base 16) in base 7?
0
8 (base 10) to base 12
8
Convert -a (base 11) to base 15.
-a
-7 (base 16) to base 7
-10
-1 (base 4) to base 3
-1
Convert 2 (base 13) to base 2.
10
What is 23 (base 6) in base 12?
13
What is 23 (base 14) in base 9?
34
Convert -2 (base 4) to base 8.
-2
Convert 24 (base 12) to base 2.
11100
3 (base 4) to base 3
10
What is -21 (base 9) in base 10?
-19
What is a6 (base 12) in base 16?
7e
201 (base 4) to base 5
113
What is -14 (base 9) in base 6?
-21
Convert 224 (base 6) to base 15.
5d
1 (base 5) to base 6
1
-142 (base 6) to base 2
-111110
What is 5 (base 15) in base 13?
5
-4 (base 16) to base 3
-11
-11 (base 5) to base 3
-20
Convert 28 (base 11) to base 5.
110
What is 3 (base 9) in base 14?
3
Convert 10011 (base 2) to base 9.
21
1 (base 13) to base 3
1
142 (base 13) to base 7
436
What is -2 (base 12) in base 13?
-2
What is -31 (base 4) in base 7?
-16
Convert -18 (base 14) to base 3.
-211
What is 6 (base 14) in base 8?
6
What is 233 (base 5) in base 7?
125
Convert -345 (base 8) to base 15.
-104
Convert -54 (base 9) to base 11.
-45
What is -36 (base 7) in base 16?
-1b
Convert -11 (base 7) to base 4.
-20
What is 86 (base 9) in base 13?
60
-8 (base 14) to base 7
-11
What is 11 (base 14) in base 2?
1111
Convert 15 (base 15) to base 7.
26
What is 1 (base 16) in base 2?
1
12 (base 4) to base 11
6
What is -10 (base 3) in base 4?
-3
-67 (base 14) to base 8
-133
What is b5 (base 14) in base 10?
159
Convert 0 (base 15) to base 8.
0
Convert -16 (base 14) to base 9.
-22
Convert -4 (base 10) to base 3.
-11
-100 (base 3) to base 14
-9
What is -131 (base 11) in base 2?
-10011011
What is 25 (base 7) in base 2?
10011
What is 32 (base 4) in base 8?
16
What is 20 (base 9) in base 16?
12
1 (base 2) to base 13
1
79 (base 14) to base 16
6b
-4 (base 9) to base 2
-100
What is c (base 15) in base 9?
13
What is -9 (base 10) in base 8?
-11
What is -1212 (base 3) in base 9?
-55
What is 11 (base 5) in base 9?
6
What is 120 (base 3) in base 13?
12
610 (base 7) to base 5
2201
What is 11001100 (base 2) in base 13?
129
225 (base 6) to base 7
155
12 (base 9) to base 16
b
-8 (base 14) to base 12
-8
Convert -3 (base 8) to base 9.
-3
Convert 146 (base 14) to base 9.
316
8 (base 11) to base 14
8
-12 (base 5) to base 16
-7
Convert 3 (base 12) to base 15.
3
What is 23 (base 4) in base 5?
21
1 (base 16) to base 3
1
What is cb (base 13) in base 15?
b2
Convert 1 (base 16) to base 5.
1
-9a (base 11) to base 9
-131
Convert -202 (base 3) to base 2.
-10100
Convert 19 (base 14) to base 9.
25
21 (base 16) to base 4
201
What is 32 (base 7) in base 14?
19
Convert 25 (base 7) to base 14.
15
Convert 6e (base 16) to base 11.
a0
Convert 3 (base 4) to base 2.
11
What is 18 (base 10) in base 11?
17
Convert -6 (base 12) to base 6.
-10
-3 (base 4) to base 9
-3
What is 19 (base 16) in base 4?
121
What is -24 (base 7) in base 15?
-13
What is 11111000 (base 2) in base 14?
13a
1 (base 3) to base 10
1
Convert -1110010 (base 2) to base 6.
-310
What is 2 (base 4) in base 6?
2
1 (base 3) to base 2
1
0 (base 11) to base 10
0
-4 (base 5) to base 15
-4
Convert -101 (base 3) to base 10.
-10
Convert 120 (base 4) to base 5.
44
370 (base 10) to base 6
1414
4 (base 10) to base 9
4
-13 (base 14) to base 4
-101
Convert 3a (base 15) to base 9.
61
-202 (base 5) to base 4
-310
Convert 7 (base 15) to base 11.
7
177 (base 13) to base 4
10023
Convert -214 (base 5) to base 7.
-113
11 (base 9) to base 4
22
What is 1 (base 3) in base 7?
1
Convert 0 (base 6) to base 14.
0
Convert 1022 (base 3) to base 7.
50
What is -101 (base 3) in base 13?
-a
3 (base 14) to base 4
3
1000111 (base 2) to base 11
65
-228 (base 10) to base 13
-147
32 (base 7) to base 8
27
Convert 12 (base 13) to base 14.
11
-75 (base 12) to base 9
-108
322 (base 4) to base 2
111010
0 (base 16) to base 8
0
-153 (base 12) to base 6
-543
105 (base 7) to base 10
54
Convert -2101 (base 3) to base 11.
-59
Convert 0 (base 16) to base 4.
0
Convert -2c (base 15) to base 8.
-52
What is 2 (base 3) in base 7?
2
3 (base 8) to base 16
3
-5 (base 11) to base 5
-10
1a (base 13) to base 14
19
What is 19 (base 14) in base 8?
27
-232 (base 8) to base 15
-a4
20 (base 5) to base 7
13
Convert -33 (base 4) to base 16.
-f
-4 (base 16) to base 9
-4
Convert 45 (base 16) to base 12.
59
What is 83 (base 13) in base 7?
212
-2 (base 12) to base 7
-2
Convert -12 (base 3) to base 2.
-101
49 (base 14) to base 4
1001
What is 47 (base 10) in base 6?
115
What is 10 (base 4) in base 15?
4
Convert 11 (base 10) to base 13.
b
Convert -7c (base 16) to base 6.
-324
Convert -1 (base 13) to base 15.
-1
What is -251 (base 6) in base 3?
-10211
1 (base 14) to base 6
1
Convert b (base 14) to base 11.
10
Convert 11 (base 3) to base 9.
4
-345 (base 6) to base 13
-a7
What is 27 (base 14) in base 13?
29
36 (base 8) to base 10
30
What is -2 (base 8) in base 9?
-2
21 (base 3) to base 9
7
-d (base 14) to base 16
-d
Convert 0 (base 13) to base 4.
0
What is e (base 15) in base 7?
20
What is -b (base 13) in base 5?
-21
What is 113 (base 7) in base 11?
54
Convert 10100 (base 2) to base 12.
18
Convert 2 (base 15) to base 10.
2
Convert 4 (base 11) to base 8.
4
-100011 (base 2) to base 15
-25
What is 45 (base 9) in base 7?
56
What is 10100 (base 4) in base 15?
132
What is -23 (base 11) in base 4?
-121
14 (base 8) to base 10
12
-15 (base 8) to base 11
-12
Convert -15 (base 12) to base 7.
-23
What is -4 (base 10) in base 5?
-4
31 (base 10) to base 7
43
What is 234 (base 9) in base 6?
521
1 (base 16) to base 15
1
4 (base 16) to base 14
4
15 (base 8) to base 5
23
What is -13a (base 15) in base 9?
-341
What is -11 (base 10) in base 14?
-b
What is 12 (base 9) in base 15?
b
13 (base 12) to base 11
14
What is -5 (base 7) in base 12?
-5
Convert 0 (base 3) to base 13.
0
Convert -1c (base 13) to base 11.
-23
Convert -1 (base 16) to base 7.
-1
Convert -77 (base 12) to base 6.
-231
What is -32 (base 4) in base 10?
-14
What is c (base 16) in base 14?
c
Convert 131 (base 4) to base 10.
29
What is 1011011 (base 2) in base 5?
331
What is 6 (base 14) in base 16?
6
Convert -100 (base 3) to base 2.
-1001
31 (base 12) to base 16
25
1 (base 9) to base 16
1
Convert 22 (base 16) to base 15.
24
Convert -23 (base 16) to base 14.
-27
What is -44 (base 12) in base 16?
-34
What is -34 (base 5) in base 16?
-13
Convert -1 (base 6) to base 4.
-1
3 (base 11) to base 15
3
Convert 215 (base 6) to base 12.
6b
What is 1 (base 10) in base 7?
1
What is 9 (base 12) in base 15?
9
120 (base 7) to base 10
63
-2 (base 14) to base 15
-2
Convert c1 (base 14) to base 16.
a9
-160 (base 10) to base 15
-aa
What is -1221 (base 3) in base 4?
-310
Convert 4 (base 11) to base 15.
4
0 (base 13) to base 3
0
What is -6 (base 11) in base 16?
-6
What is 4 (base 11) in base 15?
4
2 (base 11) to base 8
2
Convert -4 (base 14) to base 2.
-100
Convert -2 (base 14) to base 13.
-2
What is -15 (base 16) in base 12?
-19
153 (base 7) to base 5
322
Convert 11110 (base 3) to base 2.
1111000
Convert 1 (base 16) to base 10.
1
Convert 5c (base 14) to base 2.
1010010
What is 213 (base 10) in base 14?
113
What is 2 (base 4) in base 2?
10
Convert -100 (base 3) to base 8.
-11
What is 69 (base 14) in base 12?
79
What is 2 (base 5) in base 13?
2
Convert 13 (base 8) to base 11.
10
3c (base 15) to base 5
212
What is -1 (base 9) in base 3?
-1
14 (base 5) to base 14
9
Convert -46 (base 14) to base 6.
-142
What is 1101111 (base 2) in base 11?
a1
What is -1 (base 16) in base 13?
-1
What i